 prime factors of 1306879.
7, 149, 179
What are the prime factors of 108186?
2, 3, 13, 19, 73
List the prime factors of 7141727.
131, 54517
What are the prime factors of 1040336?
2, 11, 23, 257
What are the prime factors of 272106?
2, 3, 5039
What are the prime factors of 1106775?
3, 5, 4919
List the prime factors of 23738428.
2, 7, 499, 1699
List the prime factors of 7472.
2, 467
List the prime factors of 860831.
157, 5483
List the prime factors of 1089889.
67, 16267
What are the prime factors of 5143307?
13, 383, 1033
What are the prime factors of 2164410?
2, 3, 5, 24049
List the prime factors of 435587.
103, 4229
List the prime factors of 214902.
2, 3, 11939
What are the prime factors of 556080?
2, 3, 5, 7, 331
List the prime factors of 25449.
3, 17, 499
What are the prime factors of 17826901?
17826901
List the prime factors of 227497.
227497
What are the prime factors of 16506606?
2, 3, 2751101
What are the prime factors of 414664?
2, 17, 3049
What are the prime factors of 19564455?
3, 5, 47, 27751
List the prime factors of 260134.
2, 7, 17, 1093
What are the prime factors of 136269?
3, 7, 103
List the prime factors of 351363.
3, 173, 677
What are the prime factors of 2388933?
3, 29, 113
What are the prime factors of 663367?
67, 9901
What are the prime factors of 6407708?
2, 17, 23, 241
List the prime factors of 204340.
2, 5, 17, 601
List the prime factors of 3317883.
3, 1105961
List the prime factors of 150145.
5, 30029
What are the prime factors of 25379677?
409, 62053
What are the prime factors of 4690603?
67, 70009
List the prime factors of 294910.
2, 5, 7, 11, 383
What are the prime factors of 1304754?
2, 3, 11, 53, 373
List the prime factors of 2519381.
19, 97, 1367
List the prime factors of 387743.
387743
List the prime factors of 1137538.
2, 17, 33457
List the prime factors of 2241618.
2, 3, 47, 7949
What are the prime factors of 2323430?
2, 5, 283, 821
List the prime factors of 888964.
2, 17, 769
What are the prime factors of 274182?
2, 3, 45697
What are the prime factors of 241914?
2, 3, 23, 1753
List the prime factors of 685906.
2, 13, 23, 31, 37
What are the prime factors of 961844?
2, 13, 53, 349
What are the prime factors of 321496?
2, 7, 5741
What are the prime factors of 476617?
73, 6529
What are the prime factors of 920884?
2, 230221
What are the prime factors of 8669217?
3, 2889739
What are the prime factors of 5331634?
2, 7, 11, 89, 389
List the prime factors of 1084362.
2, 3, 17, 10631
List the prime factors of 1378143.
3, 13, 11779
List the prime factors of 26309945.
5, 5261989
List the prime factors of 361691.
11, 131, 251
List the prime factors of 8040682.
2, 13, 23789
List the prime factors of 337395.
3, 5, 83, 271
What are the prime factors of 184519?
37, 4987
List the prime factors of 1305319.
19, 23, 29, 103
List the prime factors of 1140355.
5, 131, 1741
What are the prime factors of 16724812?
2, 13, 321631
List the prime factors of 10379426.
2, 43, 120691
List the prime factors of 1571431.
337, 4663
List the prime factors of 312752.
2, 11, 1777
List the prime factors of 230649.
3, 76883
What are the prime factors of 233499?
3, 7, 11119
List the prime factors of 3405335.
5, 681067
What are the prime factors of 116524?
2, 29131
What are the prime factors of 31196914?
2, 7, 2228351
List the prime factors of 214088.
2, 7, 3823
What are the prime factors of 3072320?
2, 5, 9601
What are the prime factors of 40717?
19, 2143
What are the prime factors of 440050?
2, 5, 13, 677
What are the prime factors of 1179445?
5, 235889
What are the prime factors of 2200186?
2, 1100093
List the prime factors of 3337.
47, 71
What are the prime factors of 13264204?
2, 19, 37, 53, 89
What are the prime factors of 162098?
2, 81049
List the prime factors of 104442.
2, 3, 13, 103
What are the prime factors of 271967?
271967
What are the prime factors of 826389?
3, 127, 241
What are the prime factors of 222784?
2, 59
What are the prime factors of 517243?
517243
What are the prime factors of 21842790?
2, 3, 5, 17, 42829
What are the prime factors of 8930869?
29, 547, 563
What are the prime factors of 243750?
2, 3, 5, 13
List the prime factors of 160419.
3, 7, 7639
What are the prime factors of 2963157?
3, 59, 16741
List the prime factors of 2556954.
2, 3, 47351
List the prime factors of 4804486.
2, 593, 4051
List the prime factors of 28382103.
3, 97, 10837
What are the prime factors of 3583939?
3583939
List the prime factors of 372083.
271, 1373
List the prime factors of 1780304.
2, 111269
List the prime factors of 242062.
2, 127, 953
List the prime factors of 3849283.
61, 63103
List the prime factors of 245394.
2, 3, 13633
What are the prime factors of 11244017?
877, 12821
What are the prime factors of 1757589?
3, 585863
What are the prime factors of 856991?
337, 2543
List the prime factors of 4657171.
4657171
List the prime factors of 255331.
311, 821
List the prime factors of 4090977.
3, 11, 31, 43
What are the prime factors of 7263305?
5, 7, 207523
What are the prime factors of 139023?
3, 19, 271
What are the prime factors of 16893833?
11, 1535803
List the prime factors of 10002358.
2, 17, 37, 7951
List the prime factors of 1221543.
3, 135727
List the prime factors of 2406281.
1193, 2017
What are the prime factors of 272740?
2, 5, 13, 1049
What are the prime factors of 1860114?
2, 3, 310019
What are the prime factors of 230636?
2, 7, 8237
List the prime factors of 94975.
5, 29, 131
List the prime factors of 6520675.
5, 7, 5323
What are the prime factors of 4693197?
3, 1564399
List the prime factors of 4232978.
2, 73, 79, 367
What are the prime factors of 9778556?
2, 2444639
What are the prime factors of 969198?
2, 3, 163, 991
List the prime factors of 373279.
53, 7043
What are the prime factors of 275055?
3, 5, 11, 1667
List the prime factors of 8378656.
2, 11, 13, 1831
What are the prime factors of 260258?
2, 37, 3517
List the prime factors of 2253847.
2253847
What are the prime factors of 456163?
317, 1439
List the prime factors of 11605156.
2, 23, 126143
What are the prime factors of 1213360?
2, 5, 29, 523
List the prime factors of 149555.
5, 7, 4273
What are the prime factors of 1651296?
2, 3, 103, 167
What are the prime factors of 2192509?
11, 37, 5387
What are the prime factors of 5293382?
2, 269, 9839
List the prime factors of 4007748.
2, 3, 331, 1009
What are the prime factors of 8589737?
13, 223, 2963
What are the prime factors of 56643?
3, 79, 239
What are the prime factors of 182364?
2, 3, 7, 13, 167
What are the prime factors of 263695?
5, 23, 2293
List the prime factors of 1123560.
2, 3, 5, 3121
List the prime factors of 1402330.
2, 5, 17, 73, 113
List the prime factors of 1624432.
2, 101527
What are the prime factors of 129729?
3, 83, 521
List the prime factors of 2511782.
2, 7, 13, 37, 373
List the prime factors of 65357.
65357
List the prime factors of 5633383.
7, 114967
List the prime factors of 614794.
2, 307397
What are the prime factors of 3641177?
181, 20117
List the prime factors of 554531.
554531
List the prime factors of 405696.
2, 3, 2113
What are the prime factors of 950597?
283, 3359
List the prime factors of 939273.
3, 67, 4673
List the prime factors of 11469288.
2, 3, 17, 28111
List the prime factors of 24887701.
19, 71, 971
List the prime factors of 1796320.
2, 5, 103, 109
List the prime factors of 3202224.
2, 3, 66713
What are the prime factors of 136932?
2, 3, 11411
List the prime factors of 458842.
2, 61, 3761
List the prime factors of 138969.
3, 5147
What are the prime factors of 18135590?
2, 5, 11, 173, 953
What are the prime factors of 2001815?
5, 149, 2687
List the prime factors of 10128569.
11, 29, 31751
List the prime factors of 3429394.
2, 73, 83, 283
List the prime factors of 1502497.
53, 28349
List the prime factors of 35526330.
2, 3, 5, 7, 18797
What are the prime factors of 993146?
2, 7, 11, 6449
What are the prime factors of 32254755?
3, 5, 13, 251, 659
What are the prime factors of 6009422?
2, 43, 69877
List the prime factors of 193867.
23, 8429
List the prime factors of 7080941.
7, 23, 61, 103
What are the prime factors of 4152030?
2, 3, 5, 138401
List the prime factors of 132679.
132679
What are the prime factors of 177846?
2, 3, 29641
List the prime factors of 86992.
2, 5437
What ar